{"id":9442,"date":"2025-03-13T05:55:25","date_gmt":"2025-03-13T08:55:25","guid":{"rendered":"https:\/\/addtherm.com.br\/loja\/?post_type=product&#038;p=9442"},"modified":"2025-06-06T19:24:52","modified_gmt":"2025-06-06T22:24:52","slug":"pressostatos-para-compressor-lf10-1h-1-via-kpa10","status":"publish","type":"product","link":"https:\/\/addtherm.com.br\/loja\/produto\/pressostatos-para-compressor-lf10-1h-1-via-kpa10\/","title":{"rendered":"Pressostatos para Compressor \u2013 LF10-1H 1 VIA"},"content":{"rendered":"<p><strong>Caracter\u00edsticas do Pressostatos para Compressor \u2013 LF10-1H 1 VIA<br \/>\nC\u00f3digo ADD THERM &#8211; KPA10<\/strong><\/p>\n<p class=\"x_MsoListParagraph\">\u2013 Disp\u00f5em de v\u00e1lvula de al\u00edvio para impedir que o compressor seja ligado sob carga<\/p>\n<p>\u2013 Equipados com alavanca ou bot\u00e3o para desligar o compressor manualmente<\/p>\n<p>\u2013 Dispon\u00edveis com conex\u00e3o em 1 ou 4 vias, facilitando a montagem de v\u00e1lvulas e man\u00f4metros<\/p>\n<p>\u2013 Meio de opera\u00e7\u00e3o: ar<\/p>\n<p>\u2013 Contato: normal fechado (NF)<\/p>\n<p>\u2013 Dados el\u00e9tricos: 240VAC\/12A; 120VAC\/20A<\/p>\n<p>\u2013 Conex\u00e3o: 1\/4\u2033 NPT (f\u00eamea)<\/p>\n","protected":false},"excerpt":{"rendered":"<div class=\"woocommerce-product-details__short-description\">\n<p>Pressostatos para Compressor \u2013 LF10-1H 1 VIA KPA10 s\u00e3o utilizados para regular a press\u00e3o do tanque entre dois valores predefinidos em compressores de ar de pist\u00e3o (el\u00e9tricos de pequeno porte, at\u00e9 175 PSI). Disp\u00f5em de uma v\u00e1lvula de al\u00edvio para impedir que o compressor seja ligado sob carga. Tamb\u00e9m possuem alavanca ou bot\u00e3o para desligar o compressor manualmente.<\/p>\n<p>Tais pressostatos est\u00e3o dispon\u00edveis com conex\u00e3o em 1 ou 4 vias, facilitando a montagem de v\u00e1lvulas e man\u00f4metros.<\/p>\n<\/div>\n<p><strong>C\u00f3digos Originais do Produto:<\/strong><br \/>\nLEFOO: LF10-1H 80-125 PSI BAIXA<br \/>\nLEFOO: LF10-1H 100-140 PSI M\u00c9DIA<br \/>\nLEFOO: LF10-1H 125-175 PSI ALTA<br \/>\nLEFOO: L1H 001 1 VIA 80-120 PSI BAIXA<br \/>\nLEFOO: L1H 002 1 VIA 135-175 PSI ALTA<\/p>\n","protected":false},"featured_media":9444,"comment_status":"open","ping_status":"closed","template":"","meta":[],"product_brand":[],"product_cat":[91,92],"product_tag":[694,276,697],"class_list":{"0":"post-9442","1":"product","2":"type-product","3":"status-publish","4":"has-post-thumbnail","6":"product_cat-pressao","7":"product_cat-pressostatos-ajustaveis","8":"product_tag-pressostato-kpa10","9":"product_tag-pressostatos","10":"product_tag-pressostatos-para-compressor-lf10-1h-1-via-kpa10","12":"first","13":"instock","14":"taxable","15":"shipping-taxable","16":"purchasable","17":"product-type-variable"},"yoast_head":"<!-- This site is optimized with the Yoast SEO plugin v27.3 - https:\/\/yoast.com\/product\/yoast-seo-wordpress\/ -->\n<title>Pressostatos para Compressor \u2013 LF10-1H 1 VIA - Loja ADD-THERM<\/title>\n<meta name=\"description\" content=\"Pressostatos para Compressor \u2013 LF10-1H 1 VIA KPA10 Dispon\u00edveis com conex\u00e3o em 1 ou 4 vias, facilitando a montagem de v\u00e1lvulas e man\u00f4metros.\" \/>\n<meta name=\"robots\" content=\"index, follow, max-snippet:-1, max-image-preview:large, max-video-preview:-1\" \/>\n<link rel=\"canonical\" href=\"https:\/\/addtherm.com.br\/loja\/produto\/pressostatos-para-compressor-lf10-1h-1-via-kpa10\/\" \/>\n<meta property=\"og:locale\" content=\"pt_BR\" \/>\n<meta property=\"og:type\" content=\"article\" \/>\n<meta property=\"og:title\" content=\"Pressostatos para Compressor \u2013 LF10-1H 1 VIA - Loja ADD-THERM\" \/>\n<meta property=\"og:description\" content=\"Pressostatos para Compressor \u2013 LF10-1H 1 VIA KPA10 Dispon\u00edveis com conex\u00e3o em 1 ou 4 vias, facilitando a montagem de v\u00e1lvulas e man\u00f4metros.\" \/>\n<meta property=\"og:url\" content=\"https:\/\/addtherm.com.br\/loja\/produto\/pressostatos-para-compressor-lf10-1h-1-via-kpa10\/\" \/>\n<meta property=\"og:site_name\" content=\"Loja ADD-THERM\" \/>\n<meta property=\"article:modified_time\" content=\"2025-06-06T22:24:52+00:00\" \/>\n<meta property=\"og:image\" content=\"https:\/\/addtherm.com.br\/loja\/wp-content\/uploads\/2025\/03\/kpa10-1h-1.png\" \/>\n\t<meta property=\"og:image:width\" content=\"1080\" \/>\n\t<meta property=\"og:image:height\" content=\"1080\" \/>\n\t<meta property=\"og:image:type\" content=\"image\/png\" \/>\n<meta name=\"twitter:card\" content=\"summary_large_image\" \/>\n<meta name=\"twitter:label1\" content=\"Est. tempo de leitura\" \/>\n\t<meta name=\"twitter:data1\" content=\"1 minuto\" \/>\n<script type=\"application\/ld+json\" class=\"yoast-schema-graph\">{\"@context\":\"https:\\\/\\\/schema.org\",\"@graph\":[{\"@type\":\"WebPage\",\"@id\":\"https:\\\/\\\/addtherm.com.br\\\/loja\\\/produto\\\/pressostatos-para-compressor-lf10-1h-1-via-kpa10\\\/\",\"url\":\"https:\\\/\\\/addtherm.com.br\\\/loja\\\/produto\\\/pressostatos-para-compressor-lf10-1h-1-via-kpa10\\\/\",\"name\":\"Pressostatos para Compressor \u2013 LF10-1H 1 VIA - Loja ADD-THERM\",\"isPartOf\":{\"@id\":\"https:\\\/\\\/addtherm.com.br\\\/loja\\\/#website\"},\"primaryImageOfPage\":{\"@id\":\"https:\\\/\\\/addtherm.com.br\\\/loja\\\/produto\\\/pressostatos-para-compressor-lf10-1h-1-via-kpa10\\\/#primaryimage\"},\"image\":{\"@id\":\"https:\\\/\\\/addtherm.com.br\\\/loja\\\/produto\\\/pressostatos-para-compressor-lf10-1h-1-via-kpa10\\\/#primaryimage\"},\"thumbnailUrl\":\"https:\\\/\\\/addtherm.com.br\\\/loja\\\/wp-content\\\/uploads\\\/2025\\\/03\\\/kpa10-1h-1.png\",\"datePublished\":\"2025-03-13T08:55:25+00:00\",\"dateModified\":\"2025-06-06T22:24:52+00:00\",\"description\":\"Pressostatos para Compressor \u2013 LF10-1H 1 VIA KPA10 Dispon\u00edveis com conex\u00e3o em 1 ou 4 vias, facilitando a montagem de v\u00e1lvulas e man\u00f4metros.\",\"breadcrumb\":{\"@id\":\"https:\\\/\\\/addtherm.com.br\\\/loja\\\/produto\\\/pressostatos-para-compressor-lf10-1h-1-via-kpa10\\\/#breadcrumb\"},\"inLanguage\":\"pt-BR\",\"potentialAction\":[{\"@type\":\"ReadAction\",\"target\":[\"https:\\\/\\\/addtherm.com.br\\\/loja\\\/produto\\\/pressostatos-para-compressor-lf10-1h-1-via-kpa10\\\/\"]}]},{\"@type\":\"ImageObject\",\"inLanguage\":\"pt-BR\",\"@id\":\"https:\\\/\\\/addtherm.com.br\\\/loja\\\/produto\\\/pressostatos-para-compressor-lf10-1h-1-via-kpa10\\\/#primaryimage\",\"url\":\"https:\\\/\\\/addtherm.com.br\\\/loja\\\/wp-content\\\/uploads\\\/2025\\\/03\\\/kpa10-1h-1.png\",\"contentUrl\":\"https:\\\/\\\/addtherm.com.br\\\/loja\\\/wp-content\\\/uploads\\\/2025\\\/03\\\/kpa10-1h-1.png\",\"width\":1080,\"height\":1080},{\"@type\":\"BreadcrumbList\",\"@id\":\"https:\\\/\\\/addtherm.com.br\\\/loja\\\/produto\\\/pressostatos-para-compressor-lf10-1h-1-via-kpa10\\\/#breadcrumb\",\"itemListElement\":[{\"@type\":\"ListItem\",\"position\":1,\"name\":\"In\u00edcio\",\"item\":\"https:\\\/\\\/addtherm.com.br\\\/loja\\\/\"},{\"@type\":\"ListItem\",\"position\":2,\"name\":\"Shop\",\"item\":\"https:\\\/\\\/addtherm.com.br\\\/loja\\\/shop\\\/\"},{\"@type\":\"ListItem\",\"position\":3,\"name\":\"Pressostatos para Compressor \u2013 LF10-1H 1 VIA\"}]},{\"@type\":\"WebSite\",\"@id\":\"https:\\\/\\\/addtherm.com.br\\\/loja\\\/#website\",\"url\":\"https:\\\/\\\/addtherm.com.br\\\/loja\\\/\",\"name\":\"Loja ADD-THERM\",\"description\":\"Loja ADD-THERM\",\"potentialAction\":[{\"@type\":\"SearchAction\",\"target\":{\"@type\":\"EntryPoint\",\"urlTemplate\":\"https:\\\/\\\/addtherm.com.br\\\/loja\\\/?s={search_term_string}\"},\"query-input\":{\"@type\":\"PropertyValueSpecification\",\"valueRequired\":true,\"valueName\":\"search_term_string\"}}],\"inLanguage\":\"pt-BR\"}]}<\/script>\n<!-- \/ Yoast SEO plugin. -->","yoast_head_json":{"title":"Pressostatos para Compressor \u2013 LF10-1H 1 VIA - Loja ADD-THERM","description":"Pressostatos para Compressor \u2013 LF10-1H 1 VIA KPA10 Dispon\u00edveis com conex\u00e3o em 1 ou 4 vias, facilitando a montagem de v\u00e1lvulas e man\u00f4metros.","robots":{"index":"index","follow":"follow","max-snippet":"max-snippet:-1","max-image-preview":"max-image-preview:large","max-video-preview":"max-video-preview:-1"},"canonical":"https:\/\/addtherm.com.br\/loja\/produto\/pressostatos-para-compressor-lf10-1h-1-via-kpa10\/","og_locale":"pt_BR","og_type":"article","og_title":"Pressostatos para Compressor \u2013 LF10-1H 1 VIA - Loja ADD-THERM","og_description":"Pressostatos para Compressor \u2013 LF10-1H 1 VIA KPA10 Dispon\u00edveis com conex\u00e3o em 1 ou 4 vias, facilitando a montagem de v\u00e1lvulas e man\u00f4metros.","og_url":"https:\/\/addtherm.com.br\/loja\/produto\/pressostatos-para-compressor-lf10-1h-1-via-kpa10\/","og_site_name":"Loja ADD-THERM","article_modified_time":"2025-06-06T22:24:52+00:00","og_image":[{"width":1080,"height":1080,"url":"https:\/\/addtherm.com.br\/loja\/wp-content\/uploads\/2025\/03\/kpa10-1h-1.png","type":"image\/png"}],"twitter_card":"summary_large_image","twitter_misc":{"Est. tempo de leitura":"1 minuto"},"schema":{"@context":"https:\/\/schema.org","@graph":[{"@type":"WebPage","@id":"https:\/\/addtherm.com.br\/loja\/produto\/pressostatos-para-compressor-lf10-1h-1-via-kpa10\/","url":"https:\/\/addtherm.com.br\/loja\/produto\/pressostatos-para-compressor-lf10-1h-1-via-kpa10\/","name":"Pressostatos para Compressor \u2013 LF10-1H 1 VIA - Loja ADD-THERM","isPartOf":{"@id":"https:\/\/addtherm.com.br\/loja\/#website"},"primaryImageOfPage":{"@id":"https:\/\/addtherm.com.br\/loja\/produto\/pressostatos-para-compressor-lf10-1h-1-via-kpa10\/#primaryimage"},"image":{"@id":"https:\/\/addtherm.com.br\/loja\/produto\/pressostatos-para-compressor-lf10-1h-1-via-kpa10\/#primaryimage"},"thumbnailUrl":"https:\/\/addtherm.com.br\/loja\/wp-content\/uploads\/2025\/03\/kpa10-1h-1.png","datePublished":"2025-03-13T08:55:25+00:00","dateModified":"2025-06-06T22:24:52+00:00","description":"Pressostatos para Compressor \u2013 LF10-1H 1 VIA KPA10 Dispon\u00edveis com conex\u00e3o em 1 ou 4 vias, facilitando a montagem de v\u00e1lvulas e man\u00f4metros.","breadcrumb":{"@id":"https:\/\/addtherm.com.br\/loja\/produto\/pressostatos-para-compressor-lf10-1h-1-via-kpa10\/#breadcrumb"},"inLanguage":"pt-BR","potentialAction":[{"@type":"ReadAction","target":["https:\/\/addtherm.com.br\/loja\/produto\/pressostatos-para-compressor-lf10-1h-1-via-kpa10\/"]}]},{"@type":"ImageObject","inLanguage":"pt-BR","@id":"https:\/\/addtherm.com.br\/loja\/produto\/pressostatos-para-compressor-lf10-1h-1-via-kpa10\/#primaryimage","url":"https:\/\/addtherm.com.br\/loja\/wp-content\/uploads\/2025\/03\/kpa10-1h-1.png","contentUrl":"https:\/\/addtherm.com.br\/loja\/wp-content\/uploads\/2025\/03\/kpa10-1h-1.png","width":1080,"height":1080},{"@type":"BreadcrumbList","@id":"https:\/\/addtherm.com.br\/loja\/produto\/pressostatos-para-compressor-lf10-1h-1-via-kpa10\/#breadcrumb","itemListElement":[{"@type":"ListItem","position":1,"name":"In\u00edcio","item":"https:\/\/addtherm.com.br\/loja\/"},{"@type":"ListItem","position":2,"name":"Shop","item":"https:\/\/addtherm.com.br\/loja\/shop\/"},{"@type":"ListItem","position":3,"name":"Pressostatos para Compressor \u2013 LF10-1H 1 VIA"}]},{"@type":"WebSite","@id":"https:\/\/addtherm.com.br\/loja\/#website","url":"https:\/\/addtherm.com.br\/loja\/","name":"Loja ADD-THERM","description":"Loja ADD-THERM","potentialAction":[{"@type":"SearchAction","target":{"@type":"EntryPoint","urlTemplate":"https:\/\/addtherm.com.br\/loja\/?s={search_term_string}"},"query-input":{"@type":"PropertyValueSpecification","valueRequired":true,"valueName":"search_term_string"}}],"inLanguage":"pt-BR"}]}},"_links":{"self":[{"href":"https:\/\/addtherm.com.br\/loja\/wp-json\/wp\/v2\/product\/9442","targetHints":{"allow":["GET"]}}],"collection":[{"href":"https:\/\/addtherm.com.br\/loja\/wp-json\/wp\/v2\/product"}],"about":[{"href":"https:\/\/addtherm.com.br\/loja\/wp-json\/wp\/v2\/types\/product"}],"replies":[{"embeddable":true,"href":"https:\/\/addtherm.com.br\/loja\/wp-json\/wp\/v2\/comments?post=9442"}],"wp:featuredmedia":[{"embeddable":true,"href":"https:\/\/addtherm.com.br\/loja\/wp-json\/wp\/v2\/media\/9444"}],"wp:attachment":[{"href":"https:\/\/addtherm.com.br\/loja\/wp-json\/wp\/v2\/media?parent=9442"}],"wp:term":[{"taxonomy":"product_brand","embeddable":true,"href":"https:\/\/addtherm.com.br\/loja\/wp-json\/wp\/v2\/product_brand?post=9442"},{"taxonomy":"product_cat","embeddable":true,"href":"https:\/\/addtherm.com.br\/loja\/wp-json\/wp\/v2\/product_cat?post=9442"},{"taxonomy":"product_tag","embeddable":true,"href":"https:\/\/addtherm.com.br\/loja\/wp-json\/wp\/v2\/product_tag?post=9442"}],"curies":[{"name":"wp","href":"https:\/\/api.w.org\/{rel}","templated":true}]}}