{"id":8187,"date":"2024-04-02T18:16:44","date_gmt":"2024-04-02T21:16:44","guid":{"rendered":"https:\/\/addtherm.com.br\/loja\/?post_type=product&#038;p=8187"},"modified":"2024-04-02T18:34:11","modified_gmt":"2024-04-02T21:34:11","slug":"sensor-indutivo-capacitivo-new-holland","status":"publish","type":"product","link":"https:\/\/addtherm.com.br\/loja\/produto\/sensor-indutivo-capacitivo-new-holland\/","title":{"rendered":"Sensor Indutivo Capacitivo New Holland"},"content":{"rendered":"<p><strong>Sensor Indutivo Capacitivo New Holland<\/strong><br \/>\n<strong>C\u00f3digo Original:<\/strong> 824188\/84146800<\/p>\n","protected":false},"excerpt":{"rendered":"<p><strong>Sensor Indutivo Capacitivo New Holland<\/strong><br \/>\n<strong>C\u00f3digo Original:<\/strong> 824188\/84146800<\/p>\n<p>Aplica\u00e7\u00e3o: Tratores (Sensor de press\u00e3o de \u00f3leo da caixa de c\u00e2mbio \/ Colhetadeiras<br \/>\n<strong>Modelos:<\/strong> TC55\/TC57\/TC59\/TC5070\/TC5090<\/p>\n","protected":false},"featured_media":8189,"comment_status":"open","ping_status":"closed","template":"","meta":[],"product_brand":[],"product_cat":[104,579],"product_tag":[],"class_list":{"0":"post-8187","1":"product","2":"type-product","3":"status-publish","4":"has-post-thumbnail","6":"product_cat-linha-automotiva","7":"product_cat-new-holland","9":"first","10":"instock","11":"taxable","12":"shipping-taxable","13":"purchasable","14":"product-type-simple"},"yoast_head":"<!-- This site is optimized with the Yoast SEO plugin v27.4 - https:\/\/yoast.com\/product\/yoast-seo-wordpress\/ -->\n<title>Sensor Indutivo Capacitivo New Holland - Loja ADD-THERM<\/title>\n<meta name=\"description\" content=\"Sensor Indutivo Capacitivo New Holland\" \/>\n<meta name=\"robots\" content=\"index, follow, max-snippet:-1, max-image-preview:large, max-video-preview:-1\" \/>\n<link rel=\"canonical\" href=\"https:\/\/addtherm.com.br\/loja\/produto\/sensor-indutivo-capacitivo-new-holland\/\" \/>\n<meta property=\"og:locale\" content=\"pt_BR\" \/>\n<meta property=\"og:type\" content=\"article\" \/>\n<meta property=\"og:title\" content=\"Sensor Indutivo Capacitivo New Holland - Loja ADD-THERM\" \/>\n<meta property=\"og:description\" content=\"Sensor Indutivo Capacitivo New Holland\" \/>\n<meta property=\"og:url\" content=\"https:\/\/addtherm.com.br\/loja\/produto\/sensor-indutivo-capacitivo-new-holland\/\" \/>\n<meta property=\"og:site_name\" content=\"Loja ADD-THERM\" \/>\n<meta property=\"article:modified_time\" content=\"2024-04-02T21:34:11+00:00\" \/>\n<meta property=\"og:image\" content=\"https:\/\/addtherm.com.br\/loja\/wp-content\/uploads\/2024\/04\/Sensor-Indutivo-Capacitivo-New-Holland.png\" \/>\n\t<meta property=\"og:image:width\" content=\"1080\" \/>\n\t<meta property=\"og:image:height\" content=\"1080\" \/>\n\t<meta property=\"og:image:type\" content=\"image\/png\" \/>\n<meta name=\"twitter:card\" content=\"summary_large_image\" \/>\n<meta name=\"twitter:label1\" content=\"Est. tempo de leitura\" \/>\n\t<meta name=\"twitter:data1\" content=\"1 minuto\" \/>\n<script type=\"application\/ld+json\" class=\"yoast-schema-graph\">{\"@context\":\"https:\\\/\\\/schema.org\",\"@graph\":[{\"@type\":\"WebPage\",\"@id\":\"https:\\\/\\\/addtherm.com.br\\\/loja\\\/produto\\\/sensor-indutivo-capacitivo-new-holland\\\/\",\"url\":\"https:\\\/\\\/addtherm.com.br\\\/loja\\\/produto\\\/sensor-indutivo-capacitivo-new-holland\\\/\",\"name\":\"Sensor Indutivo Capacitivo New Holland - Loja ADD-THERM\",\"isPartOf\":{\"@id\":\"https:\\\/\\\/addtherm.com.br\\\/loja\\\/#website\"},\"primaryImageOfPage\":{\"@id\":\"https:\\\/\\\/addtherm.com.br\\\/loja\\\/produto\\\/sensor-indutivo-capacitivo-new-holland\\\/#primaryimage\"},\"image\":{\"@id\":\"https:\\\/\\\/addtherm.com.br\\\/loja\\\/produto\\\/sensor-indutivo-capacitivo-new-holland\\\/#primaryimage\"},\"thumbnailUrl\":\"https:\\\/\\\/addtherm.com.br\\\/loja\\\/wp-content\\\/uploads\\\/2024\\\/04\\\/Sensor-Indutivo-Capacitivo-New-Holland.png\",\"datePublished\":\"2024-04-02T21:16:44+00:00\",\"dateModified\":\"2024-04-02T21:34:11+00:00\",\"description\":\"Sensor Indutivo Capacitivo New Holland\",\"breadcrumb\":{\"@id\":\"https:\\\/\\\/addtherm.com.br\\\/loja\\\/produto\\\/sensor-indutivo-capacitivo-new-holland\\\/#breadcrumb\"},\"inLanguage\":\"pt-BR\",\"potentialAction\":[{\"@type\":\"ReadAction\",\"target\":[\"https:\\\/\\\/addtherm.com.br\\\/loja\\\/produto\\\/sensor-indutivo-capacitivo-new-holland\\\/\"]}]},{\"@type\":\"ImageObject\",\"inLanguage\":\"pt-BR\",\"@id\":\"https:\\\/\\\/addtherm.com.br\\\/loja\\\/produto\\\/sensor-indutivo-capacitivo-new-holland\\\/#primaryimage\",\"url\":\"https:\\\/\\\/addtherm.com.br\\\/loja\\\/wp-content\\\/uploads\\\/2024\\\/04\\\/Sensor-Indutivo-Capacitivo-New-Holland.png\",\"contentUrl\":\"https:\\\/\\\/addtherm.com.br\\\/loja\\\/wp-content\\\/uploads\\\/2024\\\/04\\\/Sensor-Indutivo-Capacitivo-New-Holland.png\",\"width\":1080,\"height\":1080},{\"@type\":\"BreadcrumbList\",\"@id\":\"https:\\\/\\\/addtherm.com.br\\\/loja\\\/produto\\\/sensor-indutivo-capacitivo-new-holland\\\/#breadcrumb\",\"itemListElement\":[{\"@type\":\"ListItem\",\"position\":1,\"name\":\"In\u00edcio\",\"item\":\"https:\\\/\\\/addtherm.com.br\\\/loja\\\/\"},{\"@type\":\"ListItem\",\"position\":2,\"name\":\"Shop\",\"item\":\"https:\\\/\\\/addtherm.com.br\\\/loja\\\/shop\\\/\"},{\"@type\":\"ListItem\",\"position\":3,\"name\":\"Sensor Indutivo Capacitivo New Holland\"}]},{\"@type\":\"WebSite\",\"@id\":\"https:\\\/\\\/addtherm.com.br\\\/loja\\\/#website\",\"url\":\"https:\\\/\\\/addtherm.com.br\\\/loja\\\/\",\"name\":\"Loja ADD-THERM\",\"description\":\"Loja ADD-THERM\",\"potentialAction\":[{\"@type\":\"SearchAction\",\"target\":{\"@type\":\"EntryPoint\",\"urlTemplate\":\"https:\\\/\\\/addtherm.com.br\\\/loja\\\/?s={search_term_string}\"},\"query-input\":{\"@type\":\"PropertyValueSpecification\",\"valueRequired\":true,\"valueName\":\"search_term_string\"}}],\"inLanguage\":\"pt-BR\"}]}<\/script>\n<!-- \/ Yoast SEO plugin. -->","yoast_head_json":{"title":"Sensor Indutivo Capacitivo New Holland - Loja ADD-THERM","description":"Sensor Indutivo Capacitivo New Holland","robots":{"index":"index","follow":"follow","max-snippet":"max-snippet:-1","max-image-preview":"max-image-preview:large","max-video-preview":"max-video-preview:-1"},"canonical":"https:\/\/addtherm.com.br\/loja\/produto\/sensor-indutivo-capacitivo-new-holland\/","og_locale":"pt_BR","og_type":"article","og_title":"Sensor Indutivo Capacitivo New Holland - Loja ADD-THERM","og_description":"Sensor Indutivo Capacitivo New Holland","og_url":"https:\/\/addtherm.com.br\/loja\/produto\/sensor-indutivo-capacitivo-new-holland\/","og_site_name":"Loja ADD-THERM","article_modified_time":"2024-04-02T21:34:11+00:00","og_image":[{"width":1080,"height":1080,"url":"https:\/\/addtherm.com.br\/loja\/wp-content\/uploads\/2024\/04\/Sensor-Indutivo-Capacitivo-New-Holland.png","type":"image\/png"}],"twitter_card":"summary_large_image","twitter_misc":{"Est. tempo de leitura":"1 minuto"},"schema":{"@context":"https:\/\/schema.org","@graph":[{"@type":"WebPage","@id":"https:\/\/addtherm.com.br\/loja\/produto\/sensor-indutivo-capacitivo-new-holland\/","url":"https:\/\/addtherm.com.br\/loja\/produto\/sensor-indutivo-capacitivo-new-holland\/","name":"Sensor Indutivo Capacitivo New Holland - Loja ADD-THERM","isPartOf":{"@id":"https:\/\/addtherm.com.br\/loja\/#website"},"primaryImageOfPage":{"@id":"https:\/\/addtherm.com.br\/loja\/produto\/sensor-indutivo-capacitivo-new-holland\/#primaryimage"},"image":{"@id":"https:\/\/addtherm.com.br\/loja\/produto\/sensor-indutivo-capacitivo-new-holland\/#primaryimage"},"thumbnailUrl":"https:\/\/addtherm.com.br\/loja\/wp-content\/uploads\/2024\/04\/Sensor-Indutivo-Capacitivo-New-Holland.png","datePublished":"2024-04-02T21:16:44+00:00","dateModified":"2024-04-02T21:34:11+00:00","description":"Sensor Indutivo Capacitivo New Holland","breadcrumb":{"@id":"https:\/\/addtherm.com.br\/loja\/produto\/sensor-indutivo-capacitivo-new-holland\/#breadcrumb"},"inLanguage":"pt-BR","potentialAction":[{"@type":"ReadAction","target":["https:\/\/addtherm.com.br\/loja\/produto\/sensor-indutivo-capacitivo-new-holland\/"]}]},{"@type":"ImageObject","inLanguage":"pt-BR","@id":"https:\/\/addtherm.com.br\/loja\/produto\/sensor-indutivo-capacitivo-new-holland\/#primaryimage","url":"https:\/\/addtherm.com.br\/loja\/wp-content\/uploads\/2024\/04\/Sensor-Indutivo-Capacitivo-New-Holland.png","contentUrl":"https:\/\/addtherm.com.br\/loja\/wp-content\/uploads\/2024\/04\/Sensor-Indutivo-Capacitivo-New-Holland.png","width":1080,"height":1080},{"@type":"BreadcrumbList","@id":"https:\/\/addtherm.com.br\/loja\/produto\/sensor-indutivo-capacitivo-new-holland\/#breadcrumb","itemListElement":[{"@type":"ListItem","position":1,"name":"In\u00edcio","item":"https:\/\/addtherm.com.br\/loja\/"},{"@type":"ListItem","position":2,"name":"Shop","item":"https:\/\/addtherm.com.br\/loja\/shop\/"},{"@type":"ListItem","position":3,"name":"Sensor Indutivo Capacitivo New Holland"}]},{"@type":"WebSite","@id":"https:\/\/addtherm.com.br\/loja\/#website","url":"https:\/\/addtherm.com.br\/loja\/","name":"Loja ADD-THERM","description":"Loja ADD-THERM","potentialAction":[{"@type":"SearchAction","target":{"@type":"EntryPoint","urlTemplate":"https:\/\/addtherm.com.br\/loja\/?s={search_term_string}"},"query-input":{"@type":"PropertyValueSpecification","valueRequired":true,"valueName":"search_term_string"}}],"inLanguage":"pt-BR"}]}},"_links":{"self":[{"href":"https:\/\/addtherm.com.br\/loja\/wp-json\/wp\/v2\/product\/8187","targetHints":{"allow":["GET"]}}],"collection":[{"href":"https:\/\/addtherm.com.br\/loja\/wp-json\/wp\/v2\/product"}],"about":[{"href":"https:\/\/addtherm.com.br\/loja\/wp-json\/wp\/v2\/types\/product"}],"replies":[{"embeddable":true,"href":"https:\/\/addtherm.com.br\/loja\/wp-json\/wp\/v2\/comments?post=8187"}],"wp:featuredmedia":[{"embeddable":true,"href":"https:\/\/addtherm.com.br\/loja\/wp-json\/wp\/v2\/media\/8189"}],"wp:attachment":[{"href":"https:\/\/addtherm.com.br\/loja\/wp-json\/wp\/v2\/media?parent=8187"}],"wp:term":[{"taxonomy":"product_brand","embeddable":true,"href":"https:\/\/addtherm.com.br\/loja\/wp-json\/wp\/v2\/product_brand?post=8187"},{"taxonomy":"product_cat","embeddable":true,"href":"https:\/\/addtherm.com.br\/loja\/wp-json\/wp\/v2\/product_cat?post=8187"},{"taxonomy":"product_tag","embeddable":true,"href":"https:\/\/addtherm.com.br\/loja\/wp-json\/wp\/v2\/product_tag?post=8187"}],"curies":[{"name":"wp","href":"https:\/\/api.w.org\/{rel}","templated":true}]}}