{"id":7180,"date":"2022-09-26T09:20:35","date_gmt":"2022-09-26T12:20:35","guid":{"rendered":"https:\/\/addtherm.com.br\/loja\/?post_type=product&#038;p=7180"},"modified":"2024-08-28T12:42:00","modified_gmt":"2024-08-28T15:42:00","slug":"pressostato-ajustavel-sp-022","status":"publish","type":"product","link":"https:\/\/addtherm.com.br\/loja\/produto\/pressostato-ajustavel-sp-022\/","title":{"rendered":"SP 022-001 PRESSOSTATO AJUST\u00c1VEL 0,03 BAR A 1 BAR"},"content":{"rendered":"<p><b>Caracter\u00edsticas B\u00e1sicas do <\/b><b>Pressostato Ajust\u00e1vel &#8211; SP 022<\/b><\/p>\n<p><span style=\"font-weight: 400;\">&#8211; Excelente precis\u00e3o<br \/>\n<\/span><span style=\"font-weight: 400;\">&#8211; Press\u00e3o de contato cont\u00ednuo para opera\u00e7\u00e3o e comuta\u00e7\u00e3o r\u00e1pida<br \/>\n(0,5 A 15 PSI)<br \/>\n<\/span><\/p>\n","protected":false},"excerpt":{"rendered":"<p><span style=\"font-weight: 400;\">O <strong>Pressostato Ajust\u00e1vel SP 022 001<\/strong> foi desenvolvido para atender diversas aplica\u00e7\u00f5es. A sua press\u00e3o de comuta\u00e7\u00e3o \u00e9 ajustada na f\u00e1brica, mas isso n\u00e3o impede que ele seja ajustado em campo. O SP 022 001 pode operar com uma grande variedade de fluidos que incluem ar, \u00e1gua, \u00f3leo para motor, \u00f3leo para transmiss\u00e3o, combust\u00edveis de avia\u00e7\u00e3o e outros hidrocarbonetos similares. Ele pode ser utilizado em piscinas e spas, sistemas de bombeamento de \u00e1gua, compressores de ar odontol\u00f3gicos, equipamentos fora-de-estrada e outros sistemas de controle de press\u00e3o.<\/span><\/p>\n","protected":false},"featured_media":1532,"comment_status":"open","ping_status":"closed","template":"","meta":[],"product_brand":[],"product_cat":[91,92],"product_tag":[274,279,278,277],"class_list":{"0":"post-7180","1":"product","2":"type-product","3":"status-publish","4":"has-post-thumbnail","6":"product_cat-pressao","7":"product_cat-pressostatos-ajustaveis","8":"product_tag-controle-de-pressao-industrial","9":"product_tag-pressao-addtherm","10":"product_tag-pressostato-ajustavel","11":"product_tag-pressostato-ajustavel-sp022-series","13":"first","14":"instock","15":"taxable","16":"shipping-taxable","17":"purchasable","18":"product-type-simple"},"yoast_head":"<!-- This site is optimized with the Yoast SEO plugin v27.3 - https:\/\/yoast.com\/product\/yoast-seo-wordpress\/ -->\n<title>SP 022-001 PRESSOSTATO AJUST\u00c1VEL 0,03 BAR A 1 BAR - Loja ADD-THERM<\/title>\n<meta name=\"description\" content=\"Pressostato Ajust\u00e1vel - SP 022 s\u00e3o\u00a0sensores de medi\u00e7\u00e3o de press\u00e3o utilizados como componentes do sistema de prote\u00e7\u00e3o de\u00a0equipamentos ou processos industriais.\" \/>\n<meta name=\"robots\" content=\"index, follow, max-snippet:-1, max-image-preview:large, max-video-preview:-1\" \/>\n<link rel=\"canonical\" href=\"https:\/\/addtherm.com.br\/loja\/produto\/pressostato-ajustavel-sp-022\/\" \/>\n<meta property=\"og:locale\" content=\"pt_BR\" \/>\n<meta property=\"og:type\" content=\"article\" \/>\n<meta property=\"og:title\" content=\"SP 022-001 PRESSOSTATO AJUST\u00c1VEL 0,03 BAR A 1 BAR - Loja ADD-THERM\" \/>\n<meta property=\"og:description\" content=\"Pressostato Ajust\u00e1vel - SP 022 s\u00e3o\u00a0sensores de medi\u00e7\u00e3o de press\u00e3o utilizados como componentes do sistema de prote\u00e7\u00e3o de\u00a0equipamentos ou processos industriais.\" \/>\n<meta property=\"og:url\" content=\"https:\/\/addtherm.com.br\/loja\/produto\/pressostato-ajustavel-sp-022\/\" \/>\n<meta property=\"og:site_name\" content=\"Loja ADD-THERM\" \/>\n<meta property=\"article:modified_time\" content=\"2024-08-28T15:42:00+00:00\" \/>\n<meta property=\"og:image\" content=\"https:\/\/addtherm.com.br\/loja\/wp-content\/uploads\/2019\/05\/Sensor-de-Pressao-LF-20.jpg\" \/>\n\t<meta property=\"og:image:width\" content=\"529\" \/>\n\t<meta property=\"og:image:height\" content=\"402\" \/>\n\t<meta property=\"og:image:type\" content=\"image\/jpeg\" \/>\n<meta name=\"twitter:card\" content=\"summary_large_image\" \/>\n<meta name=\"twitter:label1\" content=\"Est. tempo de leitura\" \/>\n\t<meta name=\"twitter:data1\" content=\"1 minuto\" \/>\n<script type=\"application\/ld+json\" class=\"yoast-schema-graph\">{\"@context\":\"https:\\\/\\\/schema.org\",\"@graph\":[{\"@type\":\"WebPage\",\"@id\":\"https:\\\/\\\/addtherm.com.br\\\/loja\\\/produto\\\/pressostato-ajustavel-sp-022\\\/\",\"url\":\"https:\\\/\\\/addtherm.com.br\\\/loja\\\/produto\\\/pressostato-ajustavel-sp-022\\\/\",\"name\":\"SP 022-001 PRESSOSTATO AJUST\u00c1VEL 0,03 BAR A 1 BAR - Loja ADD-THERM\",\"isPartOf\":{\"@id\":\"https:\\\/\\\/addtherm.com.br\\\/loja\\\/#website\"},\"primaryImageOfPage\":{\"@id\":\"https:\\\/\\\/addtherm.com.br\\\/loja\\\/produto\\\/pressostato-ajustavel-sp-022\\\/#primaryimage\"},\"image\":{\"@id\":\"https:\\\/\\\/addtherm.com.br\\\/loja\\\/produto\\\/pressostato-ajustavel-sp-022\\\/#primaryimage\"},\"thumbnailUrl\":\"https:\\\/\\\/addtherm.com.br\\\/loja\\\/wp-content\\\/uploads\\\/2019\\\/05\\\/Sensor-de-Pressao-LF-20.jpg\",\"datePublished\":\"2022-09-26T12:20:35+00:00\",\"dateModified\":\"2024-08-28T15:42:00+00:00\",\"description\":\"Pressostato Ajust\u00e1vel - SP 022 s\u00e3o\u00a0sensores de medi\u00e7\u00e3o de press\u00e3o utilizados como componentes do sistema de prote\u00e7\u00e3o de\u00a0equipamentos ou processos industriais.\",\"breadcrumb\":{\"@id\":\"https:\\\/\\\/addtherm.com.br\\\/loja\\\/produto\\\/pressostato-ajustavel-sp-022\\\/#breadcrumb\"},\"inLanguage\":\"pt-BR\",\"potentialAction\":[{\"@type\":\"ReadAction\",\"target\":[\"https:\\\/\\\/addtherm.com.br\\\/loja\\\/produto\\\/pressostato-ajustavel-sp-022\\\/\"]}]},{\"@type\":\"ImageObject\",\"inLanguage\":\"pt-BR\",\"@id\":\"https:\\\/\\\/addtherm.com.br\\\/loja\\\/produto\\\/pressostato-ajustavel-sp-022\\\/#primaryimage\",\"url\":\"https:\\\/\\\/addtherm.com.br\\\/loja\\\/wp-content\\\/uploads\\\/2019\\\/05\\\/Sensor-de-Pressao-LF-20.jpg\",\"contentUrl\":\"https:\\\/\\\/addtherm.com.br\\\/loja\\\/wp-content\\\/uploads\\\/2019\\\/05\\\/Sensor-de-Pressao-LF-20.jpg\",\"width\":529,\"height\":402},{\"@type\":\"BreadcrumbList\",\"@id\":\"https:\\\/\\\/addtherm.com.br\\\/loja\\\/produto\\\/pressostato-ajustavel-sp-022\\\/#breadcrumb\",\"itemListElement\":[{\"@type\":\"ListItem\",\"position\":1,\"name\":\"In\u00edcio\",\"item\":\"https:\\\/\\\/addtherm.com.br\\\/loja\\\/\"},{\"@type\":\"ListItem\",\"position\":2,\"name\":\"Shop\",\"item\":\"https:\\\/\\\/addtherm.com.br\\\/loja\\\/shop\\\/\"},{\"@type\":\"ListItem\",\"position\":3,\"name\":\"SP 022-001 PRESSOSTATO AJUST\u00c1VEL 0,03 BAR A 1 BAR\"}]},{\"@type\":\"WebSite\",\"@id\":\"https:\\\/\\\/addtherm.com.br\\\/loja\\\/#website\",\"url\":\"https:\\\/\\\/addtherm.com.br\\\/loja\\\/\",\"name\":\"Loja ADD-THERM\",\"description\":\"Loja ADD-THERM\",\"potentialAction\":[{\"@type\":\"SearchAction\",\"target\":{\"@type\":\"EntryPoint\",\"urlTemplate\":\"https:\\\/\\\/addtherm.com.br\\\/loja\\\/?s={search_term_string}\"},\"query-input\":{\"@type\":\"PropertyValueSpecification\",\"valueRequired\":true,\"valueName\":\"search_term_string\"}}],\"inLanguage\":\"pt-BR\"}]}<\/script>\n<!-- \/ Yoast SEO plugin. -->","yoast_head_json":{"title":"SP 022-001 PRESSOSTATO AJUST\u00c1VEL 0,03 BAR A 1 BAR - Loja ADD-THERM","description":"Pressostato Ajust\u00e1vel - SP 022 s\u00e3o\u00a0sensores de medi\u00e7\u00e3o de press\u00e3o utilizados como componentes do sistema de prote\u00e7\u00e3o de\u00a0equipamentos ou processos industriais.","robots":{"index":"index","follow":"follow","max-snippet":"max-snippet:-1","max-image-preview":"max-image-preview:large","max-video-preview":"max-video-preview:-1"},"canonical":"https:\/\/addtherm.com.br\/loja\/produto\/pressostato-ajustavel-sp-022\/","og_locale":"pt_BR","og_type":"article","og_title":"SP 022-001 PRESSOSTATO AJUST\u00c1VEL 0,03 BAR A 1 BAR - Loja ADD-THERM","og_description":"Pressostato Ajust\u00e1vel - SP 022 s\u00e3o\u00a0sensores de medi\u00e7\u00e3o de press\u00e3o utilizados como componentes do sistema de prote\u00e7\u00e3o de\u00a0equipamentos ou processos industriais.","og_url":"https:\/\/addtherm.com.br\/loja\/produto\/pressostato-ajustavel-sp-022\/","og_site_name":"Loja ADD-THERM","article_modified_time":"2024-08-28T15:42:00+00:00","og_image":[{"width":529,"height":402,"url":"https:\/\/addtherm.com.br\/loja\/wp-content\/uploads\/2019\/05\/Sensor-de-Pressao-LF-20.jpg","type":"image\/jpeg"}],"twitter_card":"summary_large_image","twitter_misc":{"Est. tempo de leitura":"1 minuto"},"schema":{"@context":"https:\/\/schema.org","@graph":[{"@type":"WebPage","@id":"https:\/\/addtherm.com.br\/loja\/produto\/pressostato-ajustavel-sp-022\/","url":"https:\/\/addtherm.com.br\/loja\/produto\/pressostato-ajustavel-sp-022\/","name":"SP 022-001 PRESSOSTATO AJUST\u00c1VEL 0,03 BAR A 1 BAR - Loja ADD-THERM","isPartOf":{"@id":"https:\/\/addtherm.com.br\/loja\/#website"},"primaryImageOfPage":{"@id":"https:\/\/addtherm.com.br\/loja\/produto\/pressostato-ajustavel-sp-022\/#primaryimage"},"image":{"@id":"https:\/\/addtherm.com.br\/loja\/produto\/pressostato-ajustavel-sp-022\/#primaryimage"},"thumbnailUrl":"https:\/\/addtherm.com.br\/loja\/wp-content\/uploads\/2019\/05\/Sensor-de-Pressao-LF-20.jpg","datePublished":"2022-09-26T12:20:35+00:00","dateModified":"2024-08-28T15:42:00+00:00","description":"Pressostato Ajust\u00e1vel - SP 022 s\u00e3o\u00a0sensores de medi\u00e7\u00e3o de press\u00e3o utilizados como componentes do sistema de prote\u00e7\u00e3o de\u00a0equipamentos ou processos industriais.","breadcrumb":{"@id":"https:\/\/addtherm.com.br\/loja\/produto\/pressostato-ajustavel-sp-022\/#breadcrumb"},"inLanguage":"pt-BR","potentialAction":[{"@type":"ReadAction","target":["https:\/\/addtherm.com.br\/loja\/produto\/pressostato-ajustavel-sp-022\/"]}]},{"@type":"ImageObject","inLanguage":"pt-BR","@id":"https:\/\/addtherm.com.br\/loja\/produto\/pressostato-ajustavel-sp-022\/#primaryimage","url":"https:\/\/addtherm.com.br\/loja\/wp-content\/uploads\/2019\/05\/Sensor-de-Pressao-LF-20.jpg","contentUrl":"https:\/\/addtherm.com.br\/loja\/wp-content\/uploads\/2019\/05\/Sensor-de-Pressao-LF-20.jpg","width":529,"height":402},{"@type":"BreadcrumbList","@id":"https:\/\/addtherm.com.br\/loja\/produto\/pressostato-ajustavel-sp-022\/#breadcrumb","itemListElement":[{"@type":"ListItem","position":1,"name":"In\u00edcio","item":"https:\/\/addtherm.com.br\/loja\/"},{"@type":"ListItem","position":2,"name":"Shop","item":"https:\/\/addtherm.com.br\/loja\/shop\/"},{"@type":"ListItem","position":3,"name":"SP 022-001 PRESSOSTATO AJUST\u00c1VEL 0,03 BAR A 1 BAR"}]},{"@type":"WebSite","@id":"https:\/\/addtherm.com.br\/loja\/#website","url":"https:\/\/addtherm.com.br\/loja\/","name":"Loja ADD-THERM","description":"Loja ADD-THERM","potentialAction":[{"@type":"SearchAction","target":{"@type":"EntryPoint","urlTemplate":"https:\/\/addtherm.com.br\/loja\/?s={search_term_string}"},"query-input":{"@type":"PropertyValueSpecification","valueRequired":true,"valueName":"search_term_string"}}],"inLanguage":"pt-BR"}]}},"_links":{"self":[{"href":"https:\/\/addtherm.com.br\/loja\/wp-json\/wp\/v2\/product\/7180","targetHints":{"allow":["GET"]}}],"collection":[{"href":"https:\/\/addtherm.com.br\/loja\/wp-json\/wp\/v2\/product"}],"about":[{"href":"https:\/\/addtherm.com.br\/loja\/wp-json\/wp\/v2\/types\/product"}],"replies":[{"embeddable":true,"href":"https:\/\/addtherm.com.br\/loja\/wp-json\/wp\/v2\/comments?post=7180"}],"wp:featuredmedia":[{"embeddable":true,"href":"https:\/\/addtherm.com.br\/loja\/wp-json\/wp\/v2\/media\/1532"}],"wp:attachment":[{"href":"https:\/\/addtherm.com.br\/loja\/wp-json\/wp\/v2\/media?parent=7180"}],"wp:term":[{"taxonomy":"product_brand","embeddable":true,"href":"https:\/\/addtherm.com.br\/loja\/wp-json\/wp\/v2\/product_brand?post=7180"},{"taxonomy":"product_cat","embeddable":true,"href":"https:\/\/addtherm.com.br\/loja\/wp-json\/wp\/v2\/product_cat?post=7180"},{"taxonomy":"product_tag","embeddable":true,"href":"https:\/\/addtherm.com.br\/loja\/wp-json\/wp\/v2\/product_tag?post=7180"}],"curies":[{"name":"wp","href":"https:\/\/api.w.org\/{rel}","templated":true}]}}