{"id":6918,"date":"2021-05-29T16:12:50","date_gmt":"2021-05-29T19:12:50","guid":{"rendered":"https:\/\/addtherm.com.br\/loja\/?post_type=product&#038;p=6918"},"modified":"2026-02-09T15:57:32","modified_gmt":"2026-02-09T18:57:32","slug":"pressostato-ajustavel-linha-sp060","status":"publish","type":"product","link":"https:\/\/addtherm.com.br\/loja\/produto\/pressostato-ajustavel-linha-sp060\/","title":{"rendered":"Pressostato Ajust\u00e1vel &#8211; SP 060 (0,1 BAR a 2,5 BAR)"},"content":{"rendered":"<p><b>Caracter\u00edsticas B\u00e1sicas do Pressostato Ajust\u00e1vel &#8211; SP 060<\/b><\/p>\n<p><span style=\"font-weight: 400;\">&#8211; Excelente precis\u00e3o<\/span><\/p>\n<p><span style=\"font-weight: 400;\">&#8211; Press\u00e3o de contato cont\u00ednuo para opera\u00e7\u00e3o e comuta\u00e7\u00e3o r\u00e1pida<\/span><\/p>\n","protected":false},"excerpt":{"rendered":"<div class=\"woocommerce-product-details__short-description\">\n<p><span style=\"font-weight: 400;\">O <strong>Pressostato Ajust\u00e1vel SP 060<\/strong> foi desenvolvido para atender diversas aplica\u00e7\u00f5es. A sua press\u00e3o de comuta\u00e7\u00e3o \u00e9 ajustada na f\u00e1brica, mas isso n\u00e3o impede que ele seja ajustado em campo. O SP 060 pode operar com uma grande variedade de fluidos que incluem \u00f3leo para motor, \u00f3leo para transmiss\u00e3o e outros hidrocarbonetos similares. Ele pode ser utilizado em m\u00e1quinas agr\u00edcolas, motogeradores, equipamentos hidr\u00e1ulicos, equipamentos fora-de-estrada.<\/span><\/p>\n<\/div>\n","protected":false},"featured_media":6919,"comment_status":"open","ping_status":"closed","template":"","meta":[],"product_brand":[],"product_cat":[91,92],"product_tag":[274,279,278,277],"class_list":{"0":"post-6918","1":"product","2":"type-product","3":"status-publish","4":"has-post-thumbnail","6":"product_cat-pressao","7":"product_cat-pressostatos-ajustaveis","8":"product_tag-controle-de-pressao-industrial","9":"product_tag-pressao-addtherm","10":"product_tag-pressostato-ajustavel","11":"product_tag-pressostato-ajustavel-sp022-series","13":"first","14":"instock","15":"taxable","16":"shipping-taxable","17":"purchasable","18":"product-type-simple"},"yoast_head":"<!-- This site is optimized with the Yoast SEO plugin v27.3 - https:\/\/yoast.com\/product\/yoast-seo-wordpress\/ -->\n<title>Pressostato Ajust\u00e1vel - SP 060 (0,1 BAR a 2,5 BAR) - Loja ADD-THERM<\/title>\n<meta name=\"description\" content=\"Pressostato Ajust\u00e1vel - Linha SP060 s\u00e3o\u00a0sensores de medi\u00e7\u00e3o de press\u00e3o utilizados como componentes do sistema de prote\u00e7\u00e3o de\u00a0equipamentos ou processos industriais.\" \/>\n<meta name=\"robots\" content=\"index, follow, max-snippet:-1, max-image-preview:large, max-video-preview:-1\" \/>\n<link rel=\"canonical\" href=\"https:\/\/addtherm.com.br\/loja\/produto\/pressostato-ajustavel-linha-sp060\/\" \/>\n<meta property=\"og:locale\" content=\"pt_BR\" \/>\n<meta property=\"og:type\" content=\"article\" \/>\n<meta property=\"og:title\" content=\"Pressostato Ajust\u00e1vel - SP 060 (0,1 BAR a 2,5 BAR) - Loja ADD-THERM\" \/>\n<meta property=\"og:description\" content=\"Pressostato Ajust\u00e1vel - Linha SP060 s\u00e3o\u00a0sensores de medi\u00e7\u00e3o de press\u00e3o utilizados como componentes do sistema de prote\u00e7\u00e3o de\u00a0equipamentos ou processos industriais.\" \/>\n<meta property=\"og:url\" content=\"https:\/\/addtherm.com.br\/loja\/produto\/pressostato-ajustavel-linha-sp060\/\" \/>\n<meta property=\"og:site_name\" content=\"Loja ADD-THERM\" \/>\n<meta property=\"article:modified_time\" content=\"2026-02-09T18:57:32+00:00\" \/>\n<meta property=\"og:image\" content=\"https:\/\/addtherm.com.br\/loja\/wp-content\/uploads\/2021\/05\/PASP060.png\" \/>\n\t<meta property=\"og:image:width\" content=\"360\" \/>\n\t<meta property=\"og:image:height\" content=\"377\" \/>\n\t<meta property=\"og:image:type\" content=\"image\/png\" \/>\n<meta name=\"twitter:card\" content=\"summary_large_image\" \/>\n<meta name=\"twitter:label1\" content=\"Est. tempo de leitura\" \/>\n\t<meta name=\"twitter:data1\" content=\"1 minuto\" \/>\n<script type=\"application\/ld+json\" class=\"yoast-schema-graph\">{\"@context\":\"https:\\\/\\\/schema.org\",\"@graph\":[{\"@type\":\"WebPage\",\"@id\":\"https:\\\/\\\/addtherm.com.br\\\/loja\\\/produto\\\/pressostato-ajustavel-linha-sp060\\\/\",\"url\":\"https:\\\/\\\/addtherm.com.br\\\/loja\\\/produto\\\/pressostato-ajustavel-linha-sp060\\\/\",\"name\":\"Pressostato Ajust\u00e1vel - SP 060 (0,1 BAR a 2,5 BAR) - Loja ADD-THERM\",\"isPartOf\":{\"@id\":\"https:\\\/\\\/addtherm.com.br\\\/loja\\\/#website\"},\"primaryImageOfPage\":{\"@id\":\"https:\\\/\\\/addtherm.com.br\\\/loja\\\/produto\\\/pressostato-ajustavel-linha-sp060\\\/#primaryimage\"},\"image\":{\"@id\":\"https:\\\/\\\/addtherm.com.br\\\/loja\\\/produto\\\/pressostato-ajustavel-linha-sp060\\\/#primaryimage\"},\"thumbnailUrl\":\"https:\\\/\\\/addtherm.com.br\\\/loja\\\/wp-content\\\/uploads\\\/2021\\\/05\\\/PASP060.png\",\"datePublished\":\"2021-05-29T19:12:50+00:00\",\"dateModified\":\"2026-02-09T18:57:32+00:00\",\"description\":\"Pressostato Ajust\u00e1vel - Linha SP060 s\u00e3o\u00a0sensores de medi\u00e7\u00e3o de press\u00e3o utilizados como componentes do sistema de prote\u00e7\u00e3o de\u00a0equipamentos ou processos industriais.\",\"breadcrumb\":{\"@id\":\"https:\\\/\\\/addtherm.com.br\\\/loja\\\/produto\\\/pressostato-ajustavel-linha-sp060\\\/#breadcrumb\"},\"inLanguage\":\"pt-BR\",\"potentialAction\":[{\"@type\":\"ReadAction\",\"target\":[\"https:\\\/\\\/addtherm.com.br\\\/loja\\\/produto\\\/pressostato-ajustavel-linha-sp060\\\/\"]}]},{\"@type\":\"ImageObject\",\"inLanguage\":\"pt-BR\",\"@id\":\"https:\\\/\\\/addtherm.com.br\\\/loja\\\/produto\\\/pressostato-ajustavel-linha-sp060\\\/#primaryimage\",\"url\":\"https:\\\/\\\/addtherm.com.br\\\/loja\\\/wp-content\\\/uploads\\\/2021\\\/05\\\/PASP060.png\",\"contentUrl\":\"https:\\\/\\\/addtherm.com.br\\\/loja\\\/wp-content\\\/uploads\\\/2021\\\/05\\\/PASP060.png\",\"width\":360,\"height\":377},{\"@type\":\"BreadcrumbList\",\"@id\":\"https:\\\/\\\/addtherm.com.br\\\/loja\\\/produto\\\/pressostato-ajustavel-linha-sp060\\\/#breadcrumb\",\"itemListElement\":[{\"@type\":\"ListItem\",\"position\":1,\"name\":\"In\u00edcio\",\"item\":\"https:\\\/\\\/addtherm.com.br\\\/loja\\\/\"},{\"@type\":\"ListItem\",\"position\":2,\"name\":\"Shop\",\"item\":\"https:\\\/\\\/addtherm.com.br\\\/loja\\\/shop\\\/\"},{\"@type\":\"ListItem\",\"position\":3,\"name\":\"Pressostato Ajust\u00e1vel &#8211; SP 060 (0,1 BAR a 2,5 BAR)\"}]},{\"@type\":\"WebSite\",\"@id\":\"https:\\\/\\\/addtherm.com.br\\\/loja\\\/#website\",\"url\":\"https:\\\/\\\/addtherm.com.br\\\/loja\\\/\",\"name\":\"Loja ADD-THERM\",\"description\":\"Loja ADD-THERM\",\"potentialAction\":[{\"@type\":\"SearchAction\",\"target\":{\"@type\":\"EntryPoint\",\"urlTemplate\":\"https:\\\/\\\/addtherm.com.br\\\/loja\\\/?s={search_term_string}\"},\"query-input\":{\"@type\":\"PropertyValueSpecification\",\"valueRequired\":true,\"valueName\":\"search_term_string\"}}],\"inLanguage\":\"pt-BR\"}]}<\/script>\n<!-- \/ Yoast SEO plugin. -->","yoast_head_json":{"title":"Pressostato Ajust\u00e1vel - SP 060 (0,1 BAR a 2,5 BAR) - Loja ADD-THERM","description":"Pressostato Ajust\u00e1vel - Linha SP060 s\u00e3o\u00a0sensores de medi\u00e7\u00e3o de press\u00e3o utilizados como componentes do sistema de prote\u00e7\u00e3o de\u00a0equipamentos ou processos industriais.","robots":{"index":"index","follow":"follow","max-snippet":"max-snippet:-1","max-image-preview":"max-image-preview:large","max-video-preview":"max-video-preview:-1"},"canonical":"https:\/\/addtherm.com.br\/loja\/produto\/pressostato-ajustavel-linha-sp060\/","og_locale":"pt_BR","og_type":"article","og_title":"Pressostato Ajust\u00e1vel - SP 060 (0,1 BAR a 2,5 BAR) - Loja ADD-THERM","og_description":"Pressostato Ajust\u00e1vel - Linha SP060 s\u00e3o\u00a0sensores de medi\u00e7\u00e3o de press\u00e3o utilizados como componentes do sistema de prote\u00e7\u00e3o de\u00a0equipamentos ou processos industriais.","og_url":"https:\/\/addtherm.com.br\/loja\/produto\/pressostato-ajustavel-linha-sp060\/","og_site_name":"Loja ADD-THERM","article_modified_time":"2026-02-09T18:57:32+00:00","og_image":[{"width":360,"height":377,"url":"https:\/\/addtherm.com.br\/loja\/wp-content\/uploads\/2021\/05\/PASP060.png","type":"image\/png"}],"twitter_card":"summary_large_image","twitter_misc":{"Est. tempo de leitura":"1 minuto"},"schema":{"@context":"https:\/\/schema.org","@graph":[{"@type":"WebPage","@id":"https:\/\/addtherm.com.br\/loja\/produto\/pressostato-ajustavel-linha-sp060\/","url":"https:\/\/addtherm.com.br\/loja\/produto\/pressostato-ajustavel-linha-sp060\/","name":"Pressostato Ajust\u00e1vel - SP 060 (0,1 BAR a 2,5 BAR) - Loja ADD-THERM","isPartOf":{"@id":"https:\/\/addtherm.com.br\/loja\/#website"},"primaryImageOfPage":{"@id":"https:\/\/addtherm.com.br\/loja\/produto\/pressostato-ajustavel-linha-sp060\/#primaryimage"},"image":{"@id":"https:\/\/addtherm.com.br\/loja\/produto\/pressostato-ajustavel-linha-sp060\/#primaryimage"},"thumbnailUrl":"https:\/\/addtherm.com.br\/loja\/wp-content\/uploads\/2021\/05\/PASP060.png","datePublished":"2021-05-29T19:12:50+00:00","dateModified":"2026-02-09T18:57:32+00:00","description":"Pressostato Ajust\u00e1vel - Linha SP060 s\u00e3o\u00a0sensores de medi\u00e7\u00e3o de press\u00e3o utilizados como componentes do sistema de prote\u00e7\u00e3o de\u00a0equipamentos ou processos industriais.","breadcrumb":{"@id":"https:\/\/addtherm.com.br\/loja\/produto\/pressostato-ajustavel-linha-sp060\/#breadcrumb"},"inLanguage":"pt-BR","potentialAction":[{"@type":"ReadAction","target":["https:\/\/addtherm.com.br\/loja\/produto\/pressostato-ajustavel-linha-sp060\/"]}]},{"@type":"ImageObject","inLanguage":"pt-BR","@id":"https:\/\/addtherm.com.br\/loja\/produto\/pressostato-ajustavel-linha-sp060\/#primaryimage","url":"https:\/\/addtherm.com.br\/loja\/wp-content\/uploads\/2021\/05\/PASP060.png","contentUrl":"https:\/\/addtherm.com.br\/loja\/wp-content\/uploads\/2021\/05\/PASP060.png","width":360,"height":377},{"@type":"BreadcrumbList","@id":"https:\/\/addtherm.com.br\/loja\/produto\/pressostato-ajustavel-linha-sp060\/#breadcrumb","itemListElement":[{"@type":"ListItem","position":1,"name":"In\u00edcio","item":"https:\/\/addtherm.com.br\/loja\/"},{"@type":"ListItem","position":2,"name":"Shop","item":"https:\/\/addtherm.com.br\/loja\/shop\/"},{"@type":"ListItem","position":3,"name":"Pressostato Ajust\u00e1vel &#8211; SP 060 (0,1 BAR a 2,5 BAR)"}]},{"@type":"WebSite","@id":"https:\/\/addtherm.com.br\/loja\/#website","url":"https:\/\/addtherm.com.br\/loja\/","name":"Loja ADD-THERM","description":"Loja ADD-THERM","potentialAction":[{"@type":"SearchAction","target":{"@type":"EntryPoint","urlTemplate":"https:\/\/addtherm.com.br\/loja\/?s={search_term_string}"},"query-input":{"@type":"PropertyValueSpecification","valueRequired":true,"valueName":"search_term_string"}}],"inLanguage":"pt-BR"}]}},"_links":{"self":[{"href":"https:\/\/addtherm.com.br\/loja\/wp-json\/wp\/v2\/product\/6918","targetHints":{"allow":["GET"]}}],"collection":[{"href":"https:\/\/addtherm.com.br\/loja\/wp-json\/wp\/v2\/product"}],"about":[{"href":"https:\/\/addtherm.com.br\/loja\/wp-json\/wp\/v2\/types\/product"}],"replies":[{"embeddable":true,"href":"https:\/\/addtherm.com.br\/loja\/wp-json\/wp\/v2\/comments?post=6918"}],"wp:featuredmedia":[{"embeddable":true,"href":"https:\/\/addtherm.com.br\/loja\/wp-json\/wp\/v2\/media\/6919"}],"wp:attachment":[{"href":"https:\/\/addtherm.com.br\/loja\/wp-json\/wp\/v2\/media?parent=6918"}],"wp:term":[{"taxonomy":"product_brand","embeddable":true,"href":"https:\/\/addtherm.com.br\/loja\/wp-json\/wp\/v2\/product_brand?post=6918"},{"taxonomy":"product_cat","embeddable":true,"href":"https:\/\/addtherm.com.br\/loja\/wp-json\/wp\/v2\/product_cat?post=6918"},{"taxonomy":"product_tag","embeddable":true,"href":"https:\/\/addtherm.com.br\/loja\/wp-json\/wp\/v2\/product_tag?post=6918"}],"curies":[{"name":"wp","href":"https:\/\/api.w.org\/{rel}","templated":true}]}}