{"id":6815,"date":"2021-05-18T09:18:49","date_gmt":"2021-05-18T12:18:49","guid":{"rendered":"https:\/\/addtherm.com.br\/loja\/?post_type=product&#038;p=6815"},"modified":"2025-04-08T13:45:44","modified_gmt":"2025-04-08T16:45:44","slug":"termostatos-bimetalicos-com-flange-linha-a81-na-kit-com-5-unidades","status":"publish","type":"product","link":"https:\/\/addtherm.com.br\/loja\/produto\/termostatos-bimetalicos-com-flange-linha-a81-na-kit-com-5-unidades\/","title":{"rendered":"Termostatos Bimet\u00e1licos com Flange NA &#8211; Linha A81 Kit com 5 Unidades"},"content":{"rendered":"<p>Termostatos Bimet\u00e1licos com Flange NA &#8211; Linha A81<\/p>\n<h2><span style=\"font-size: 12pt;\">N\u00c3O VENDEMOS ESTE PRODUTO UNIT\u00c1RIO, TRATA-SE DE UM KIT COM 5 UNIDADES.<\/span><\/h2>\n","protected":false},"excerpt":{"rendered":"<div class=\"woocommerce-product-details__short-description\">\n<p><span style=\"font-weight: 400;\">Os <strong>Termostatos Bimet\u00e1licos com Flange NA &#8211; linha A81<\/strong> s\u00e3o amplamente utilizados com o objetivo de controlar a temperatura em qualquer equipamento com aquecimento. Dispon\u00edveis com flange de fixa\u00e7\u00e3o m\u00f3vel que permite a fixa\u00e7\u00e3o com parafusos e oferece contato integral do bimetal com a superf\u00edcie de aquecimento a ser controlada. Os termostatos bimet\u00e1licos com flange s\u00e3o fabricados com bimetal de efeito snap action e possuem precis\u00e3o de \u00b14\u00b0C da temperatura nominal sendo considerados os termostatos com a melhor precis\u00e3o em compara\u00e7\u00e3o aos termostatos existentes no mercado. Tamb\u00e9m est\u00e3o dispon\u00edveis com rearme manual, diferentes tamanhos e posi\u00e7\u00f5es dos terminais e montagens especiais com cabo.<\/span><\/p>\n<p><strong>Corrente M\u00e1xima: 16A<\/strong><\/p>\n<p><strong>Contato: NA<\/strong><\/p>\n<p><strong>Material do Corpo: PPS<\/strong><\/p>\n<p><strong>\u00c2ngulos dos Terminais: 180\u00baC<\/strong><\/p>\n<\/div>\n<h2><span style=\"font-size: 12pt;\">N\u00c3O VENDEMOS ESTE PRODUTO UNIT\u00c1RIO, TRATA-SE DE UM KIT COM 5 UNIDADES.<\/span><\/h2>\n","protected":false},"featured_media":7001,"comment_status":"open","ping_status":"closed","template":"","meta":[],"product_brand":[],"product_cat":[89,93],"product_tag":[168,167,171,169],"class_list":{"0":"post-6815","1":"product","2":"type-product","3":"status-publish","4":"has-post-thumbnail","6":"product_cat-protecao-termica","7":"product_cat-termostatos-bimetalicos","8":"product_tag-addtherm-termostatos","9":"product_tag-termostatos-bimetalicos","10":"product_tag-termostatos-ceramica-com-flange-a81-nf-150c-a-270c-16a","11":"product_tag-termostatos-com-flange","12":"pa_escolha-a-temperatura-100c","13":"pa_escolha-a-temperatura-105c","14":"pa_escolha-a-temperatura-120c","15":"pa_escolha-a-temperatura-130c","16":"pa_escolha-a-temperatura-140c","17":"pa_escolha-a-temperatura-150c","18":"pa_escolha-a-temperatura-45c","19":"pa_escolha-a-temperatura-50c","20":"pa_escolha-a-temperatura-55c","21":"pa_escolha-a-temperatura-60c","22":"pa_escolha-a-temperatura-75c","23":"pa_escolha-a-temperatura-85c","25":"first","26":"instock","27":"taxable","28":"shipping-taxable","29":"purchasable","30":"product-type-variable"},"yoast_head":"<!-- This site is optimized with the Yoast SEO plugin v27.3 - https:\/\/yoast.com\/product\/yoast-seo-wordpress\/ -->\n<title>Termostatos Bimet\u00e1licos com Flange NA - Linha A81 Kit com 5 Unidades - Loja ADD-THERM<\/title>\n<meta name=\"description\" content=\"Termostatos Bimet\u00e1licos com Flange - Linha A81 NA (Normalmente Aberto) PPS Kit com 5 Unidades\" \/>\n<meta name=\"robots\" content=\"index, follow, max-snippet:-1, max-image-preview:large, max-video-preview:-1\" \/>\n<link rel=\"canonical\" href=\"https:\/\/addtherm.com.br\/loja\/produto\/termostatos-bimetalicos-com-flange-linha-a81-na-kit-com-5-unidades\/\" \/>\n<meta property=\"og:locale\" content=\"pt_BR\" \/>\n<meta property=\"og:type\" content=\"article\" \/>\n<meta property=\"og:title\" content=\"Termostatos Bimet\u00e1licos com Flange NA - Linha A81 Kit com 5 Unidades - Loja ADD-THERM\" \/>\n<meta property=\"og:description\" content=\"Termostatos Bimet\u00e1licos com Flange - Linha A81 NA (Normalmente Aberto) PPS Kit com 5 Unidades\" \/>\n<meta property=\"og:url\" content=\"https:\/\/addtherm.com.br\/loja\/produto\/termostatos-bimetalicos-com-flange-linha-a81-na-kit-com-5-unidades\/\" \/>\n<meta property=\"og:site_name\" content=\"Loja ADD-THERM\" \/>\n<meta property=\"article:modified_time\" content=\"2025-04-08T16:45:44+00:00\" \/>\n<meta property=\"og:image\" content=\"https:\/\/addtherm.com.br\/loja\/wp-content\/uploads\/2021\/05\/a81-NA.png\" \/>\n\t<meta property=\"og:image:width\" content=\"559\" \/>\n\t<meta property=\"og:image:height\" content=\"373\" \/>\n\t<meta property=\"og:image:type\" content=\"image\/png\" \/>\n<meta name=\"twitter:card\" content=\"summary_large_image\" \/>\n<meta name=\"twitter:label1\" content=\"Est. tempo de leitura\" \/>\n\t<meta name=\"twitter:data1\" content=\"1 minuto\" \/>\n<script type=\"application\/ld+json\" class=\"yoast-schema-graph\">{\"@context\":\"https:\\\/\\\/schema.org\",\"@graph\":[{\"@type\":\"WebPage\",\"@id\":\"https:\\\/\\\/addtherm.com.br\\\/loja\\\/produto\\\/termostatos-bimetalicos-com-flange-linha-a81-na-kit-com-5-unidades\\\/\",\"url\":\"https:\\\/\\\/addtherm.com.br\\\/loja\\\/produto\\\/termostatos-bimetalicos-com-flange-linha-a81-na-kit-com-5-unidades\\\/\",\"name\":\"Termostatos Bimet\u00e1licos com Flange NA - Linha A81 Kit com 5 Unidades - Loja ADD-THERM\",\"isPartOf\":{\"@id\":\"https:\\\/\\\/addtherm.com.br\\\/loja\\\/#website\"},\"primaryImageOfPage\":{\"@id\":\"https:\\\/\\\/addtherm.com.br\\\/loja\\\/produto\\\/termostatos-bimetalicos-com-flange-linha-a81-na-kit-com-5-unidades\\\/#primaryimage\"},\"image\":{\"@id\":\"https:\\\/\\\/addtherm.com.br\\\/loja\\\/produto\\\/termostatos-bimetalicos-com-flange-linha-a81-na-kit-com-5-unidades\\\/#primaryimage\"},\"thumbnailUrl\":\"https:\\\/\\\/addtherm.com.br\\\/loja\\\/wp-content\\\/uploads\\\/2021\\\/05\\\/a81-NA.png\",\"datePublished\":\"2021-05-18T12:18:49+00:00\",\"dateModified\":\"2025-04-08T16:45:44+00:00\",\"description\":\"Termostatos Bimet\u00e1licos com Flange - Linha A81 NA (Normalmente Aberto) PPS Kit com 5 Unidades\",\"breadcrumb\":{\"@id\":\"https:\\\/\\\/addtherm.com.br\\\/loja\\\/produto\\\/termostatos-bimetalicos-com-flange-linha-a81-na-kit-com-5-unidades\\\/#breadcrumb\"},\"inLanguage\":\"pt-BR\",\"potentialAction\":[{\"@type\":\"ReadAction\",\"target\":[\"https:\\\/\\\/addtherm.com.br\\\/loja\\\/produto\\\/termostatos-bimetalicos-com-flange-linha-a81-na-kit-com-5-unidades\\\/\"]}]},{\"@type\":\"ImageObject\",\"inLanguage\":\"pt-BR\",\"@id\":\"https:\\\/\\\/addtherm.com.br\\\/loja\\\/produto\\\/termostatos-bimetalicos-com-flange-linha-a81-na-kit-com-5-unidades\\\/#primaryimage\",\"url\":\"https:\\\/\\\/addtherm.com.br\\\/loja\\\/wp-content\\\/uploads\\\/2021\\\/05\\\/a81-NA.png\",\"contentUrl\":\"https:\\\/\\\/addtherm.com.br\\\/loja\\\/wp-content\\\/uploads\\\/2021\\\/05\\\/a81-NA.png\",\"width\":559,\"height\":373,\"caption\":\"a81 termostato na\"},{\"@type\":\"BreadcrumbList\",\"@id\":\"https:\\\/\\\/addtherm.com.br\\\/loja\\\/produto\\\/termostatos-bimetalicos-com-flange-linha-a81-na-kit-com-5-unidades\\\/#breadcrumb\",\"itemListElement\":[{\"@type\":\"ListItem\",\"position\":1,\"name\":\"In\u00edcio\",\"item\":\"https:\\\/\\\/addtherm.com.br\\\/loja\\\/\"},{\"@type\":\"ListItem\",\"position\":2,\"name\":\"Shop\",\"item\":\"https:\\\/\\\/addtherm.com.br\\\/loja\\\/shop\\\/\"},{\"@type\":\"ListItem\",\"position\":3,\"name\":\"Termostatos Bimet\u00e1licos com Flange NA &#8211; Linha A81 Kit com 5 Unidades\"}]},{\"@type\":\"WebSite\",\"@id\":\"https:\\\/\\\/addtherm.com.br\\\/loja\\\/#website\",\"url\":\"https:\\\/\\\/addtherm.com.br\\\/loja\\\/\",\"name\":\"Loja ADD-THERM\",\"description\":\"Loja ADD-THERM\",\"potentialAction\":[{\"@type\":\"SearchAction\",\"target\":{\"@type\":\"EntryPoint\",\"urlTemplate\":\"https:\\\/\\\/addtherm.com.br\\\/loja\\\/?s={search_term_string}\"},\"query-input\":{\"@type\":\"PropertyValueSpecification\",\"valueRequired\":true,\"valueName\":\"search_term_string\"}}],\"inLanguage\":\"pt-BR\"}]}<\/script>\n<!-- \/ Yoast SEO plugin. -->","yoast_head_json":{"title":"Termostatos Bimet\u00e1licos com Flange NA - Linha A81 Kit com 5 Unidades - Loja ADD-THERM","description":"Termostatos Bimet\u00e1licos com Flange - Linha A81 NA (Normalmente Aberto) PPS Kit com 5 Unidades","robots":{"index":"index","follow":"follow","max-snippet":"max-snippet:-1","max-image-preview":"max-image-preview:large","max-video-preview":"max-video-preview:-1"},"canonical":"https:\/\/addtherm.com.br\/loja\/produto\/termostatos-bimetalicos-com-flange-linha-a81-na-kit-com-5-unidades\/","og_locale":"pt_BR","og_type":"article","og_title":"Termostatos Bimet\u00e1licos com Flange NA - Linha A81 Kit com 5 Unidades - Loja ADD-THERM","og_description":"Termostatos Bimet\u00e1licos com Flange - Linha A81 NA (Normalmente Aberto) PPS Kit com 5 Unidades","og_url":"https:\/\/addtherm.com.br\/loja\/produto\/termostatos-bimetalicos-com-flange-linha-a81-na-kit-com-5-unidades\/","og_site_name":"Loja ADD-THERM","article_modified_time":"2025-04-08T16:45:44+00:00","og_image":[{"width":559,"height":373,"url":"https:\/\/addtherm.com.br\/loja\/wp-content\/uploads\/2021\/05\/a81-NA.png","type":"image\/png"}],"twitter_card":"summary_large_image","twitter_misc":{"Est. tempo de leitura":"1 minuto"},"schema":{"@context":"https:\/\/schema.org","@graph":[{"@type":"WebPage","@id":"https:\/\/addtherm.com.br\/loja\/produto\/termostatos-bimetalicos-com-flange-linha-a81-na-kit-com-5-unidades\/","url":"https:\/\/addtherm.com.br\/loja\/produto\/termostatos-bimetalicos-com-flange-linha-a81-na-kit-com-5-unidades\/","name":"Termostatos Bimet\u00e1licos com Flange NA - Linha A81 Kit com 5 Unidades - Loja ADD-THERM","isPartOf":{"@id":"https:\/\/addtherm.com.br\/loja\/#website"},"primaryImageOfPage":{"@id":"https:\/\/addtherm.com.br\/loja\/produto\/termostatos-bimetalicos-com-flange-linha-a81-na-kit-com-5-unidades\/#primaryimage"},"image":{"@id":"https:\/\/addtherm.com.br\/loja\/produto\/termostatos-bimetalicos-com-flange-linha-a81-na-kit-com-5-unidades\/#primaryimage"},"thumbnailUrl":"https:\/\/addtherm.com.br\/loja\/wp-content\/uploads\/2021\/05\/a81-NA.png","datePublished":"2021-05-18T12:18:49+00:00","dateModified":"2025-04-08T16:45:44+00:00","description":"Termostatos Bimet\u00e1licos com Flange - Linha A81 NA (Normalmente Aberto) PPS Kit com 5 Unidades","breadcrumb":{"@id":"https:\/\/addtherm.com.br\/loja\/produto\/termostatos-bimetalicos-com-flange-linha-a81-na-kit-com-5-unidades\/#breadcrumb"},"inLanguage":"pt-BR","potentialAction":[{"@type":"ReadAction","target":["https:\/\/addtherm.com.br\/loja\/produto\/termostatos-bimetalicos-com-flange-linha-a81-na-kit-com-5-unidades\/"]}]},{"@type":"ImageObject","inLanguage":"pt-BR","@id":"https:\/\/addtherm.com.br\/loja\/produto\/termostatos-bimetalicos-com-flange-linha-a81-na-kit-com-5-unidades\/#primaryimage","url":"https:\/\/addtherm.com.br\/loja\/wp-content\/uploads\/2021\/05\/a81-NA.png","contentUrl":"https:\/\/addtherm.com.br\/loja\/wp-content\/uploads\/2021\/05\/a81-NA.png","width":559,"height":373,"caption":"a81 termostato na"},{"@type":"BreadcrumbList","@id":"https:\/\/addtherm.com.br\/loja\/produto\/termostatos-bimetalicos-com-flange-linha-a81-na-kit-com-5-unidades\/#breadcrumb","itemListElement":[{"@type":"ListItem","position":1,"name":"In\u00edcio","item":"https:\/\/addtherm.com.br\/loja\/"},{"@type":"ListItem","position":2,"name":"Shop","item":"https:\/\/addtherm.com.br\/loja\/shop\/"},{"@type":"ListItem","position":3,"name":"Termostatos Bimet\u00e1licos com Flange NA &#8211; Linha A81 Kit com 5 Unidades"}]},{"@type":"WebSite","@id":"https:\/\/addtherm.com.br\/loja\/#website","url":"https:\/\/addtherm.com.br\/loja\/","name":"Loja ADD-THERM","description":"Loja ADD-THERM","potentialAction":[{"@type":"SearchAction","target":{"@type":"EntryPoint","urlTemplate":"https:\/\/addtherm.com.br\/loja\/?s={search_term_string}"},"query-input":{"@type":"PropertyValueSpecification","valueRequired":true,"valueName":"search_term_string"}}],"inLanguage":"pt-BR"}]}},"_links":{"self":[{"href":"https:\/\/addtherm.com.br\/loja\/wp-json\/wp\/v2\/product\/6815","targetHints":{"allow":["GET"]}}],"collection":[{"href":"https:\/\/addtherm.com.br\/loja\/wp-json\/wp\/v2\/product"}],"about":[{"href":"https:\/\/addtherm.com.br\/loja\/wp-json\/wp\/v2\/types\/product"}],"replies":[{"embeddable":true,"href":"https:\/\/addtherm.com.br\/loja\/wp-json\/wp\/v2\/comments?post=6815"}],"wp:featuredmedia":[{"embeddable":true,"href":"https:\/\/addtherm.com.br\/loja\/wp-json\/wp\/v2\/media\/7001"}],"wp:attachment":[{"href":"https:\/\/addtherm.com.br\/loja\/wp-json\/wp\/v2\/media?parent=6815"}],"wp:term":[{"taxonomy":"product_brand","embeddable":true,"href":"https:\/\/addtherm.com.br\/loja\/wp-json\/wp\/v2\/product_brand?post=6815"},{"taxonomy":"product_cat","embeddable":true,"href":"https:\/\/addtherm.com.br\/loja\/wp-json\/wp\/v2\/product_cat?post=6815"},{"taxonomy":"product_tag","embeddable":true,"href":"https:\/\/addtherm.com.br\/loja\/wp-json\/wp\/v2\/product_tag?post=6815"}],"curies":[{"name":"wp","href":"https:\/\/api.w.org\/{rel}","templated":true}]}}