{"id":4588,"date":"2020-02-10T15:50:42","date_gmt":"2020-02-10T18:50:42","guid":{"rendered":"https:\/\/addtherm.com.br\/loja\/?post_type=product&#038;p=4588"},"modified":"2025-03-11T16:21:10","modified_gmt":"2025-03-11T19:21:10","slug":"termostatos-rosca-linha-a82-na","status":"publish","type":"product","link":"https:\/\/addtherm.com.br\/loja\/produto\/termostatos-rosca-linha-a82-na\/","title":{"rendered":"Termostatos Bimet\u00e1licos de Rosca NA \u2013 Linha A82 &#8211; Kit com 4 Unidades"},"content":{"rendered":"<p><b>Termostatos Bimet\u00e1licos de Rosca NA \u2013 Linha A82<\/b><\/p>\n<p><strong>N\u00c3O VENDEMOS ESTE PRODUTO UNIT\u00c1RIO, TRATA-SE DE UM KIT COM 4 UNIDADES.<\/strong><\/p>\n","protected":false},"excerpt":{"rendered":"<div class=\"woocommerce-product-details__short-description\">\n<p><span style=\"font-weight: 400;\">Os <b>Termostatos Bimet\u00e1licos de Rosca NA \u2013 Linha A82<\/b> s\u00e3o amplamente utilizados com o objetivo de controlar a temperatura em qualquer equipamento com aquecimento. Dispon\u00edveis com rosca de fixa\u00e7\u00e3o M4x0,7, sua base plana permite uma melhor condutividade t\u00e9rmica com a superf\u00edcie de aquecimento a ser controlada. Os termostatos bimet\u00e1licos de rosca s\u00e3o fabricados com bimetal de efeito snap action e possuem precis\u00e3o de \u00b14\u00b0C da temperatura nominal sendo considerados os termostatos com a melhor precis\u00e3o em compara\u00e7\u00e3o aos termostatos existentes no mercado. Tamb\u00e9m est\u00e3o dispon\u00edveis com rearme manual, diferentes tamanhos e posi\u00e7\u00f5es dos terminais e montagens especiais com cabo.<\/span><\/p>\n<p><strong>Corrente M\u00e1xima: 16A<\/strong><\/p>\n<p><strong>Contato: NA<\/strong><\/p>\n<p><strong>Material do Corpo: PPS<\/strong><\/p>\n<p><strong>\u00c2ngulo dos Terminais: 180\u00baC<\/strong><\/p>\n<p><strong>N\u00c3O VENDEMOS ESTE PRODUTO UNIT\u00c1RIO, TRATA-SE DE UM KIT COM 4 UNIDADES.<\/strong><\/p>\n<\/div>\n","protected":false},"featured_media":7004,"comment_status":"open","ping_status":"closed","template":"","meta":[],"product_brand":[],"product_cat":[89,93],"product_tag":[120,128,167,174],"class_list":{"0":"post-4588","1":"product","2":"type-product","3":"status-publish","4":"has-post-thumbnail","6":"product_cat-protecao-termica","7":"product_cat-termostatos-bimetalicos","8":"product_tag-protecao-termica","9":"product_tag-termostatos-addtherm","10":"product_tag-termostatos-bimetalicos","11":"product_tag-termostatos-rosca-a82-acima-de-180c-nf-10a","12":"pa_escolha-a-temperatura-100c","13":"pa_escolha-a-temperatura-110c","14":"pa_escolha-a-temperatura-130c","15":"pa_escolha-a-temperatura-150c","16":"pa_escolha-a-temperatura-40c","17":"pa_escolha-a-temperatura-45c","18":"pa_escolha-a-temperatura-50c","19":"pa_escolha-a-temperatura-60c","20":"pa_escolha-a-temperatura-70c","21":"pa_escolha-a-temperatura-80c","23":"first","24":"instock","25":"taxable","26":"shipping-taxable","27":"purchasable","28":"product-type-variable"},"yoast_head":"<!-- This site is optimized with the Yoast SEO plugin v27.3 - https:\/\/yoast.com\/product\/yoast-seo-wordpress\/ -->\n<title>Termostatos Bimet\u00e1licos de Rosca NA \u2013 Linha A82 - Kit com 4 Unidades - Loja ADD-THERM<\/title>\n<meta name=\"description\" content=\"Termostatos Rosca A82 Acima de 180\u00b0C NF - 10A - Kit com 4 Unidades\" \/>\n<meta name=\"robots\" content=\"index, follow, max-snippet:-1, max-image-preview:large, max-video-preview:-1\" \/>\n<link rel=\"canonical\" href=\"https:\/\/addtherm.com.br\/loja\/produto\/termostatos-rosca-linha-a82-na\/\" \/>\n<meta property=\"og:locale\" content=\"pt_BR\" \/>\n<meta property=\"og:type\" content=\"article\" \/>\n<meta property=\"og:title\" content=\"Termostatos Bimet\u00e1licos de Rosca NA \u2013 Linha A82 - Kit com 4 Unidades - Loja ADD-THERM\" \/>\n<meta property=\"og:description\" content=\"Termostatos Rosca A82 Acima de 180\u00b0C NF - 10A - Kit com 4 Unidades\" \/>\n<meta property=\"og:url\" content=\"https:\/\/addtherm.com.br\/loja\/produto\/termostatos-rosca-linha-a82-na\/\" \/>\n<meta property=\"og:site_name\" content=\"Loja ADD-THERM\" \/>\n<meta property=\"article:modified_time\" content=\"2025-03-11T19:21:10+00:00\" \/>\n<meta property=\"og:image\" content=\"https:\/\/addtherm.com.br\/loja\/wp-content\/uploads\/2020\/02\/a82.png\" \/>\n\t<meta property=\"og:image:width\" content=\"571\" \/>\n\t<meta property=\"og:image:height\" content=\"334\" \/>\n\t<meta property=\"og:image:type\" content=\"image\/png\" \/>\n<meta name=\"twitter:card\" content=\"summary_large_image\" \/>\n<meta name=\"twitter:label1\" content=\"Est. tempo de leitura\" \/>\n\t<meta name=\"twitter:data1\" content=\"1 minuto\" \/>\n<script type=\"application\/ld+json\" class=\"yoast-schema-graph\">{\"@context\":\"https:\\\/\\\/schema.org\",\"@graph\":[{\"@type\":\"WebPage\",\"@id\":\"https:\\\/\\\/addtherm.com.br\\\/loja\\\/produto\\\/termostatos-rosca-linha-a82-na\\\/\",\"url\":\"https:\\\/\\\/addtherm.com.br\\\/loja\\\/produto\\\/termostatos-rosca-linha-a82-na\\\/\",\"name\":\"Termostatos Bimet\u00e1licos de Rosca NA \u2013 Linha A82 - Kit com 4 Unidades - Loja ADD-THERM\",\"isPartOf\":{\"@id\":\"https:\\\/\\\/addtherm.com.br\\\/loja\\\/#website\"},\"primaryImageOfPage\":{\"@id\":\"https:\\\/\\\/addtherm.com.br\\\/loja\\\/produto\\\/termostatos-rosca-linha-a82-na\\\/#primaryimage\"},\"image\":{\"@id\":\"https:\\\/\\\/addtherm.com.br\\\/loja\\\/produto\\\/termostatos-rosca-linha-a82-na\\\/#primaryimage\"},\"thumbnailUrl\":\"https:\\\/\\\/addtherm.com.br\\\/loja\\\/wp-content\\\/uploads\\\/2020\\\/02\\\/a82.png\",\"datePublished\":\"2020-02-10T18:50:42+00:00\",\"dateModified\":\"2025-03-11T19:21:10+00:00\",\"description\":\"Termostatos Rosca A82 Acima de 180\u00b0C NF - 10A - Kit com 4 Unidades\",\"breadcrumb\":{\"@id\":\"https:\\\/\\\/addtherm.com.br\\\/loja\\\/produto\\\/termostatos-rosca-linha-a82-na\\\/#breadcrumb\"},\"inLanguage\":\"pt-BR\",\"potentialAction\":[{\"@type\":\"ReadAction\",\"target\":[\"https:\\\/\\\/addtherm.com.br\\\/loja\\\/produto\\\/termostatos-rosca-linha-a82-na\\\/\"]}]},{\"@type\":\"ImageObject\",\"inLanguage\":\"pt-BR\",\"@id\":\"https:\\\/\\\/addtherm.com.br\\\/loja\\\/produto\\\/termostatos-rosca-linha-a82-na\\\/#primaryimage\",\"url\":\"https:\\\/\\\/addtherm.com.br\\\/loja\\\/wp-content\\\/uploads\\\/2020\\\/02\\\/a82.png\",\"contentUrl\":\"https:\\\/\\\/addtherm.com.br\\\/loja\\\/wp-content\\\/uploads\\\/2020\\\/02\\\/a82.png\",\"width\":571,\"height\":334},{\"@type\":\"BreadcrumbList\",\"@id\":\"https:\\\/\\\/addtherm.com.br\\\/loja\\\/produto\\\/termostatos-rosca-linha-a82-na\\\/#breadcrumb\",\"itemListElement\":[{\"@type\":\"ListItem\",\"position\":1,\"name\":\"In\u00edcio\",\"item\":\"https:\\\/\\\/addtherm.com.br\\\/loja\\\/\"},{\"@type\":\"ListItem\",\"position\":2,\"name\":\"Shop\",\"item\":\"https:\\\/\\\/addtherm.com.br\\\/loja\\\/shop\\\/\"},{\"@type\":\"ListItem\",\"position\":3,\"name\":\"Termostatos Bimet\u00e1licos de Rosca NA \u2013 Linha A82 &#8211; Kit com 4 Unidades\"}]},{\"@type\":\"WebSite\",\"@id\":\"https:\\\/\\\/addtherm.com.br\\\/loja\\\/#website\",\"url\":\"https:\\\/\\\/addtherm.com.br\\\/loja\\\/\",\"name\":\"Loja ADD-THERM\",\"description\":\"Loja ADD-THERM\",\"potentialAction\":[{\"@type\":\"SearchAction\",\"target\":{\"@type\":\"EntryPoint\",\"urlTemplate\":\"https:\\\/\\\/addtherm.com.br\\\/loja\\\/?s={search_term_string}\"},\"query-input\":{\"@type\":\"PropertyValueSpecification\",\"valueRequired\":true,\"valueName\":\"search_term_string\"}}],\"inLanguage\":\"pt-BR\"}]}<\/script>\n<!-- \/ Yoast SEO plugin. -->","yoast_head_json":{"title":"Termostatos Bimet\u00e1licos de Rosca NA \u2013 Linha A82 - Kit com 4 Unidades - Loja ADD-THERM","description":"Termostatos Rosca A82 Acima de 180\u00b0C NF - 10A - Kit com 4 Unidades","robots":{"index":"index","follow":"follow","max-snippet":"max-snippet:-1","max-image-preview":"max-image-preview:large","max-video-preview":"max-video-preview:-1"},"canonical":"https:\/\/addtherm.com.br\/loja\/produto\/termostatos-rosca-linha-a82-na\/","og_locale":"pt_BR","og_type":"article","og_title":"Termostatos Bimet\u00e1licos de Rosca NA \u2013 Linha A82 - Kit com 4 Unidades - Loja ADD-THERM","og_description":"Termostatos Rosca A82 Acima de 180\u00b0C NF - 10A - Kit com 4 Unidades","og_url":"https:\/\/addtherm.com.br\/loja\/produto\/termostatos-rosca-linha-a82-na\/","og_site_name":"Loja ADD-THERM","article_modified_time":"2025-03-11T19:21:10+00:00","og_image":[{"width":571,"height":334,"url":"https:\/\/addtherm.com.br\/loja\/wp-content\/uploads\/2020\/02\/a82.png","type":"image\/png"}],"twitter_card":"summary_large_image","twitter_misc":{"Est. tempo de leitura":"1 minuto"},"schema":{"@context":"https:\/\/schema.org","@graph":[{"@type":"WebPage","@id":"https:\/\/addtherm.com.br\/loja\/produto\/termostatos-rosca-linha-a82-na\/","url":"https:\/\/addtherm.com.br\/loja\/produto\/termostatos-rosca-linha-a82-na\/","name":"Termostatos Bimet\u00e1licos de Rosca NA \u2013 Linha A82 - Kit com 4 Unidades - Loja ADD-THERM","isPartOf":{"@id":"https:\/\/addtherm.com.br\/loja\/#website"},"primaryImageOfPage":{"@id":"https:\/\/addtherm.com.br\/loja\/produto\/termostatos-rosca-linha-a82-na\/#primaryimage"},"image":{"@id":"https:\/\/addtherm.com.br\/loja\/produto\/termostatos-rosca-linha-a82-na\/#primaryimage"},"thumbnailUrl":"https:\/\/addtherm.com.br\/loja\/wp-content\/uploads\/2020\/02\/a82.png","datePublished":"2020-02-10T18:50:42+00:00","dateModified":"2025-03-11T19:21:10+00:00","description":"Termostatos Rosca A82 Acima de 180\u00b0C NF - 10A - Kit com 4 Unidades","breadcrumb":{"@id":"https:\/\/addtherm.com.br\/loja\/produto\/termostatos-rosca-linha-a82-na\/#breadcrumb"},"inLanguage":"pt-BR","potentialAction":[{"@type":"ReadAction","target":["https:\/\/addtherm.com.br\/loja\/produto\/termostatos-rosca-linha-a82-na\/"]}]},{"@type":"ImageObject","inLanguage":"pt-BR","@id":"https:\/\/addtherm.com.br\/loja\/produto\/termostatos-rosca-linha-a82-na\/#primaryimage","url":"https:\/\/addtherm.com.br\/loja\/wp-content\/uploads\/2020\/02\/a82.png","contentUrl":"https:\/\/addtherm.com.br\/loja\/wp-content\/uploads\/2020\/02\/a82.png","width":571,"height":334},{"@type":"BreadcrumbList","@id":"https:\/\/addtherm.com.br\/loja\/produto\/termostatos-rosca-linha-a82-na\/#breadcrumb","itemListElement":[{"@type":"ListItem","position":1,"name":"In\u00edcio","item":"https:\/\/addtherm.com.br\/loja\/"},{"@type":"ListItem","position":2,"name":"Shop","item":"https:\/\/addtherm.com.br\/loja\/shop\/"},{"@type":"ListItem","position":3,"name":"Termostatos Bimet\u00e1licos de Rosca NA \u2013 Linha A82 &#8211; Kit com 4 Unidades"}]},{"@type":"WebSite","@id":"https:\/\/addtherm.com.br\/loja\/#website","url":"https:\/\/addtherm.com.br\/loja\/","name":"Loja ADD-THERM","description":"Loja ADD-THERM","potentialAction":[{"@type":"SearchAction","target":{"@type":"EntryPoint","urlTemplate":"https:\/\/addtherm.com.br\/loja\/?s={search_term_string}"},"query-input":{"@type":"PropertyValueSpecification","valueRequired":true,"valueName":"search_term_string"}}],"inLanguage":"pt-BR"}]}},"_links":{"self":[{"href":"https:\/\/addtherm.com.br\/loja\/wp-json\/wp\/v2\/product\/4588","targetHints":{"allow":["GET"]}}],"collection":[{"href":"https:\/\/addtherm.com.br\/loja\/wp-json\/wp\/v2\/product"}],"about":[{"href":"https:\/\/addtherm.com.br\/loja\/wp-json\/wp\/v2\/types\/product"}],"replies":[{"embeddable":true,"href":"https:\/\/addtherm.com.br\/loja\/wp-json\/wp\/v2\/comments?post=4588"}],"wp:featuredmedia":[{"embeddable":true,"href":"https:\/\/addtherm.com.br\/loja\/wp-json\/wp\/v2\/media\/7004"}],"wp:attachment":[{"href":"https:\/\/addtherm.com.br\/loja\/wp-json\/wp\/v2\/media?parent=4588"}],"wp:term":[{"taxonomy":"product_brand","embeddable":true,"href":"https:\/\/addtherm.com.br\/loja\/wp-json\/wp\/v2\/product_brand?post=4588"},{"taxonomy":"product_cat","embeddable":true,"href":"https:\/\/addtherm.com.br\/loja\/wp-json\/wp\/v2\/product_cat?post=4588"},{"taxonomy":"product_tag","embeddable":true,"href":"https:\/\/addtherm.com.br\/loja\/wp-json\/wp\/v2\/product_tag?post=4588"}],"curies":[{"name":"wp","href":"https:\/\/api.w.org\/{rel}","templated":true}]}}